7. Let r be q(-8). Let v be (-482)/(-18)*1 + 16/72. Let g = v - r. Let j(l) = -l**2 + 4*l - 5. What is j(g)?
-5
Let f be 5/2 + (-1)/2. Suppose 2*g + 1 = q, -f*g + 3 = 1. Suppose q*l = 5*l. Let i(k) = k**2 + k - 10. Calculate i(l).
-10
Let c(h) be the third derivative of h**6/120 + h**5/15 - h**4/6 - h**3 + 58*h**2 - 2. Suppose -26 = 5*o - 1. Determine c(o).
-11
Let o(u) = 6*u**2 - u + 1. Let a(j) = j**2 + 1. Let y(v) = 5*a(v) - o(v). Let h = -20 + 20. Calculate y(h).
4
Let w = 653 + -658. Let p(g) = -g**2 - 3*g - 7. Give p(w).
-17
Let b(h) = -h**3 - 2*h**2 + 2*h - 2. Let v be b(-3). Let d(k) = -3 - k**2 + k + v - 2. Suppose 0 = -8*y + 3*y. Give d(y).
-4
Let v(d) = d + 21. Let b(z) = -5*z**2 + 30*z - 11. Let h be b(6). Give v(h).
10
Let t(q) = 2*q - 7. Let v be (2 - (-1 + 3))*(22 + -21). Calculate t(v).
-7
Let k(t) = 0 - 8 - 15*t**2 - 6*t + 21*t**2 + 5*t + t**3. Let o be ((-9)/(-18))/((3 + -1)/(-24)). What is k(o)?
-2
Suppose -23*v + 50 = -33*v. Let q(i) = -i - 1. Calculate q(v).
4
Let r = -259 - -262. Let v(u) = 2*u**2 + 4*u - 4. Determine v(r).
26
Let y = 220 - 225. Let h(t) = -t**3 - 7*t**2 - 4*t - 1. Calculate h(y).
-31
Suppose 0 = -0*h + 9*h - 18. Let r be h + 1 + 4 + (-15)/3. Let v(j) = j**3 + 3*j**2 - 3*j + 3. Give v(r).
17
Let f(y) be the first derivative of -y**4/6 - 2*y**3/3 - y**2 - y + 39. Let b(n) be the first derivative of f(n). What is b(-3)?
-8
Let c(p) be the second derivative of p**5/20 - 7*p**4/12 + p**3/6 - 3*p**2 + 71*p. Give c(7).
1
Let s(o) = o**2 + 10*o + 17. Let r be (-56)/12 + 112/(-48). Determine s(r).
-4
Let o be (-72)/(-3)*4/8. Let a be (28/o - -4)*3. Let r = -14 + a. Let h(p) = -p**2 + 6*p - 4. Determine h(r).
1
Suppose -4 = -f - 2. Let y(o) = -o + 13. Let h be y(9). Let i(n) = -6*n + 1 - 2*n**2 + n**3 + h*n**2 + 0*n**f - 6*n**2. What is i(5)?
-4
Suppose 0 = -3*u + 16 + 5. Suppose 8 = 3*t - u. Suppose -t*c - 13 = -38. Let z(v) = -v**3 + 5*v**2 + 5. What is z(c)?
5
Let f(b) = -b**2 + 9*b - 6. Let x be ((-2)/(-1)*-1)/((-782)/3519). What is f(x)?
-6
Let l(f) = -15*f**3 - 12*f**2 + f + 1. Let a(p) = -7*p**3 - 6*p**2. Suppose -2*q - 8 = 4. Let o(n) = q*l(n) + 13*a(n). What is o(-4)?
-14
Suppose 2*w - 78 = -11*w. Let v(x) = w*x + 5*x + 6*x - 16*x + 5. Give v(0).
5
Let c be (-6)/(-3) - (0 + -1). Let f = c + -1. Let h(b) be the first derivative of b**4/4 - 2*b**3/3 - 3*b**2/2 + b - 106. What is h(f)?
-5
Let c be 1*(1 + 3)/240. Let z(i) be the third derivative of 5/24*i**4 - 2/3*i**3 + 5*i**2 + 0 + c*i**5 + 0*i. Determine z(-5).
-4
Let v = -1 - -4. Suppose 16 = -3*m + 5*o, -v*m + 6*m - 2*o = -1. Let s(p) = 0*p**3 - 3*p**2 - 5*p + 6 - 5*p**3 + 3*p**m + 3*p**3. Give s(4).
2
Let r(h) be the third derivative of -h**4/24 - h**3/2 - 2*h**2. Let n = 1201 + -1205. Determine r(n).
1
Suppose 2*k = 4*q - 30, -5 = -k + q - 17. Let s(w) = 6*w + 58. Let y be s(k). Let c(m) = -2*m - 2*m + m**3 - 5*m**2 + 2*m**2. What is c(y)?
0
Let k(z) be the second derivative of z**4/12 - 5*z**3/6 + 3*z**2/2 - 87*z. Let c = -3 + 7. What is k(c)?
-1
Let n(p) = 4*p - 22*p + 2 + p + 6*p. Calculate n(-1).
13
Let h be 6/(-4)*(-8 - -14). Let i be (-7)/4*(h + 5). Let g(f) = -f - i*f + f - 4 + 5*f. Give g(-3).
2
Let y(d) be the second derivative of -d**5/20 - 5*d**4/6 - 3*d**3/2 + 7*d**2/2 + 4*d + 45. Determine y(-8).
-49
Let p(t) = t + 1. Suppose -20*l = -24*l. Suppose 6*y - 30 = -l*y. Give p(y).
6
Suppose -n = 4*w - 2*n + 39, 0 = 4*w + 4*n + 44. Let f be ((-24)/w)/(2/5). Let a(s) = -s**2 - 5*s**2 + 6*s - 9 + 4*s**2 + s**2. What is a(f)?
-9
Suppose -30*u = 29 + 31. Let m(s) = -3*s - 3. Give m(u).
3
Suppose 5 = -t - 2*d + 8, -4*d = -4*t - 12. Let q(h) = 9*h**2 - h. Calculate q(t).
10
Let n = 17 + -15. Suppose 4*u = n*u + 8. Suppose -4 = u*d - 3*p - p, 10 = 2*p. Let m(x) = -x**2 + 6*x - 4. Calculate m(d).
4
Let f = -202 - -193. Let u(l) = 3*l + 31. Calculate u(f).
4
Let m be (-11 - -11)/(-1 + -1). Let g(y) = -y - 2. Calculate g(m).
-2
Suppose -17*a + 169 + 18 = 0. Let f(o) = -o**2 + 12*o - 3. Calculate f(a).
8
Let r(z) be the first derivative of z + 1/3*z**3 + 1/2*z**2 - 22. Determine r(0).
1
Let t(i) = -i + 1. Let c = -9 - -11. Suppose 24 = -c*o - f, 9 + 27 = -3*o - 2*f. Let k(y) = y**2 + 12*y - 7. Let u be k(o). Determine t(u).
8
Let d(j) = j**3 - 5*j**2 + 5*j - 6. Let n = -28 - -14. Let q = n + 14. Suppose -2*r = -5*s - 13, r - s + q*s - 5 = 0. Determine d(r).
-2
Let s(c) = -c - 1. Let g(p) = -3*p + 3. Let l(m) = -8*m + 8. Let d(q) = -17*g(q) + 6*l(q). Let a(u) = d(u) + 2*s(u). What is a(4)?
-1
Let w(v) = -v**2 - v + 2. Let b(x) = 8*x - 162. Let f be b(20). Calculate w(f).
0
Let r = -490 + 474. Let g(w) = w + 9. What is g(r)?
-7
Let b = -4 + 4. Let s(n) = -4*n**2 + b*n**3 - n**3 + 6*n + 4*n - 2 - 6*n. Determine s(-5).
3
Let a(h) = -4*h + 2. Let l = -21 + 24. Let f(i) = -7*i + 3. Let o(q) = l*f(q) - 5*a(q). What is o(0)?
-1
Let s(z) = 7*z**3 + z**2 - 2*z + 1. Let v be -3 - (4/(-2))/(-2). Let l be 4*(-1)/v*1. Determine s(l).
7
Let g(z) = -z + 38. Let r(n) = -n + 40. Let w(v) = 3*g(v) - 2*r(v). Give w(12).
22
Let j(f) be the first derivative of -3*f**2/2 - 3*f - 86. What is j(0)?
-3
Let l(q) = 2*q + 1. Suppose 2*i + 5*n = -2, 3*n + 1 + 11 = 0. Suppose -4*o = -i - 7. Suppose v = -0*v + o. Determine l(v).
9
Let x(s) be the first derivative of -1/2*s**2 - 8*s - 25. What is x(-6)?
-2
Let x(w) = 11*w**2 - w**3 + 2*w**3 - 6*w**2. Suppose -5*h + 2*h = g + 16, 3*h = -2*g - 20. Give x(g).
16
Let y(h) be the first derivative of -3*h**2/2 - 23*h - 8. Let f be y(-7). Let m(k) = k**3 + 4*k**2 + 3*k + 3. Give m(f).
5
Suppose 0 = -k + 5*n - 1, -5*k + 3*n + 5 = -10*k. Let y(r) = -6*r - 1. Give y(k).
5
Suppose -w + 15 = 4*w. Let v(j) = -j + 1. Let u be v(w). Let g(p) = 1 - 35*p**2 + 36*p**2 + 0. Calculate g(u).
5
Let y(i) be the third derivative of -i**6/120 + i**5/12 - i**4/4 - i**3/2 + 2*i**2 - 121. Determine y(5).
-33
Let o(m) = m**3 + 5*m**2 - m - 6. Let k(p) = -p**2 - 10*p - 14. Let t be k(-6). Suppose -5*x = 3*d + 40, 0*d - d = -3*x - t. Calculate o(d).
-1
Suppose -3*n = -58 + 19. Let y = 8 - 5. Let t(q) = -2*q**y + n*q**3 - 5*q**3 - 1. Give t(-1).
-7
Let a(v) = 15*v + 12*v - 26*v. Determine a(-1).
-1
Let x = -12 + 17. Let v(z) = -z + 11. Let j be v(x). Let a(p) = -p**3 + 7*p**2 - 4*p - 6. Determine a(j).
6
Let x = -22 - -5. Let u(a) = 7*a**2 + 12*a - 4. Let j(o) = 20*o**2 + 35*o - 11. Let n(z) = x*u(z) + 6*j(z). What is n(-4)?
-6
Let o be ((-5)/(-2))/(-1)*(-3 - -5). Let w(v) = -v**2 - v - 3. What is w(o)?
-23
Let h(z) = -2*z**2 + 4*z - 3. Let w be 13/5 - (-12)/30. Suppose -w*d - o = 3*o - 18, -4*d + 2*o = -2. Determine h(d).
-3
Let k(p) be the second derivative of -p**4/12 + 5*p**3/6 + p**2 - p. Let n be ((-3)/9)/(7/(-168)). Suppose -n*g = -0*g - 40. What is k(g)?
2
Suppose k = 24 - 21. Suppose -4*p - k*r + 6*r - 12 = 0, 0 = -2*p + 2*r - 4. Let c(y) = y**2 + 2*y. Give c(p).
24
Let q(i) = 2*i - 4. Let f = 7 - 14. Let g = f - -1. Let c(z) = -2*z + 5. Let y(d) = g*q(d) - 5*c(d). Give y(1).
-3
Let l(g) be the first derivative of g**4/4 - g**3 - 3*g**2/2 - 5*g + 876. Let j be (-1)/(-1) - (1 + -4). Give l(j).
-1
Let r(x) be the third derivative of -x**4/12 + 10*x**2. Let z(n) = -3*n + 45. Let y be z(16). Calculate r(y).
6
Let l(h) = h**2 + 6*h. Let v(b) = b**2 + b - 1. Let a(i) = 8*i - 6. Let s(t) = a(t) - 6*v(t). Let n be s(1). Give l(n).
-8
Let c be ((-4)/(-4))/(3/15). Let j(y) = -17*y + 13*y - 6*y**2 + 3*y**3 - 2*y**3 + y**2 + 7. Determine j(c).
-13
Let b(y) = -4*y + 0 + 3*y + 2 - y. Let i(j) = j - 1. Let f be i(-3). Determine b(f).
10
Let w be -9 - (1 + -3 + 1). Let o(q) be the first derivative of -q**4/4 - 7*q**3/3 + 9*q**2/2 + 11*q + 7. Calculate o(w).
3
Let c(m) = 11*m**3 - 25*m**2 - 15*m - 1. Let p(x) be the second derivative of -x**5/4 + x**4 + 7*x**3/6 - 36*x. Let d(g) = 6*c(g) + 13*p(g). Determine d(-6).
-12
Let i(y) be the third derivative of -y**6/120 - y**4/24 - y**3/6 + 24*y**2. Give i(0).
-1
Let n(j) be the first derivative of -1/3*j**3 - 1/2*j**2 - 2*j - 7 + 1/4*j**4. What is n(2)?
0
Let b(g) be the first derivative of -1/2*g**2 - 2*g - 1. Let p = 3974 - 3980. Determine b(p).
4
Let j be (-2)/24*-87 - 7. Let h(n) be the first derivative of 1/3*n**3 + 3*n - 1 + j*n**4 - n**2. Calculate h(-3).
-9
Let r be (-2)/6 + (-4)/6. Let v(q) = -13*q - 18. Let f(o) = -37